site?
False
Is 147277 prime?
False
Is 5779 composite?
False
Is 320003 a prime number?
False
Is 22467 prime?
False
Is 22271 composite?
False
Is 114547 a prime number?
True
Is 351613 a composite number?
True
Is 10771 prime?
True
Is 257 prime?
True
Is 19121 a composite number?
False
Is 146819 a composite number?
False
Is 673063 a composite number?
False
Is 751 a prime number?
True
Is 177443 a composite number?
True
Is 4083 a composite number?
True
Is 90887 a prime number?
True
Is 126917 a composite number?
True
Is 1164493 a prime number?
False
Is 4673 a prime number?
True
Is 10289 composite?
False
Is 9103 composite?
False
Is 8413 a prime number?
False
Is 3449 a composite number?
False
Is 100993 prime?
False
Is 113621 composite?
False
Is 13381 composite?
False
Is 137913 composite?
True
Is 258547 composite?
True
Is 868487 composite?
False
Is 237959 a prime number?
True
Is 851 a prime number?
False
Is 36251 prime?
True
Is 209917 a composite number?
False
Is 34093 a prime number?
False
Is 34583 composite?
False
Is 34223 composite?
True
Is 451 composite?
True
Is 8749 composite?
True
Is 958 a composite number?
True
Is 125591 prime?
True
Is 23151 a prime number?
False
Is 2503 a composite number?
False
Is 12391 composite?
False
Is 2879 a prime number?
True
Is 9661 composite?
False
Is 12723 composite?
True
Is 4063 composite?
True
Is 2231 a prime number?
False
Is 2606603 a composite number?
False
Is 631 composite?
False
Is 145949 prime?
True
Is 2265019 prime?
True
Is 483611 a composite number?
False
Is 86923 a composite number?
False
Is 61293 prime?
False
Is 256279 prime?
True
Is 121229 prime?
True
Is 29483 a composite number?
False
Is 1195921 prime?
False
Is 84857 a composite number?
False
Is 409 prime?
True
Is 12443 composite?
True
Is 39113 a composite number?
False
Is 41201 a prime number?
True
Is 25657 prime?
True
Is 468439 prime?
True
Is 350633 a prime number?
False
Is 253049 a composite number?
False
Is 33323 a prime number?
False
Is 1363867 a composite number?
False
Is 93593 composite?
True
Is 4783 prime?
True
Is 1071793 prime?
False
Is 42134 prime?
False
Is 29059 a composite number?
False
Is 6122 composite?
True
Is 79757 composite?
False
Is 1721953 composite?
True
Is 1523 composite?
False
Is 5131 prime?
False
Is 7393 prime?
True
Is 272807 a prime number?
True
Is 2599 composite?
True
Is 136811 composite?
False
Is 46861 composite?
False
Is 1399 prime?
True
Is 719 a composite number?
False
Is 24053 a prime number?
False
Is 172127 composite?
False
Is 266891 prime?
True
Is 12323 a prime number?
True
Is 9383 composite?
True
Is 1026769 composite?
True
Is 23209 a composite number?
False
Is 83491 a prime number?
False
Is 13241 composite?
False
Is 10673 a composite number?
True
Is 15681 a prime number?
False
Is 71507 a composite number?
True
Is 292909 prime?
True
Is 55 composite?
True
Is 10029 a composite number?
True
Is 3299 composite?
False
Is 132887 prime?
True
Is 20759 prime?
True
Is 899905 composite?
True
Is 1721 a prime number?
True
Is 1495553 prime?
True
Is 52951 prime?
True
Is 2750377 a prime number?
False
Is 19658 a composite number?
True
Is 15727 composite?
False
Is 57637 a prime number?
True
Is 109477 composite?
True
Is 1363 a prime number?
False
Is 372247 composite?
True
Is 1165861 a prime number?
True
Is 287437 prime?
True
Is 17717 a prime number?
False
Is 38993 a prime number?
True
Is 97021 a prime number?
True
Is 9767 a prime number?
True
Is 261847 composite?
False
Is 3719 composite?
False
Is 157721 prime?
True
Is 98179 a prime number?
True
Is 15409 a composite number?
True
Is 16979 a prime number?
True
Is 184669 a composite number?
False
Is 538581 a prime number?
False
Is 853741 a composite number?
True
Is 21839 a composite number?
False
Is 570001 prime?
True
Is 4699 composite?
True
Is 9561 a composite number?
True
Is 16757 a composite number?
True
Is 5051 a composite number?
False
Is 2309 prime?
True
Is 32933 composite?
False
Is 18635 a composite number?
True
Is 859423 a composite number?
False
Is 4968849 prime?
False
Is 69961 a composite number?
True
Is 3085 composite?
True
Is 9677 prime?
True
Is 4265 a composite number?
True
Is 60889 a prime number?
True
Is 50329 composite?
False
Is 30427 a prime number?
True
Is 2645867 prime?
False
Is 14243 prime?
True
Is 5959 a prime number?
False
Is 813989 a composite number?
True
Is 911 prime?
True
Is 475511 composite?
False
Is 17863 composite?
False
Is 370957 a prime number?
False
Is 64271 composite?
False
Is 3433 a prime number?
True
Is 32483 composite?
True
Is 416981 prime?
False
Is 14143 a prime number?
True
Is 2797 prime?
True
Is 414227 prime?
False
Is 2333 a prime number?
True
Is 88503 composite?
True
Is 287821 a composite number?
False
Is 13211 prime?
False
Is 3293 a composite number?
True
Is 519643 a prime number?
True
Is 163819 a composite number?
False
Is 192859 prime?
True
Is 9865 prime?
False
Is 21963 a composite number?
True
Is 471619 composite?
False
Is 88147 prime?
False
Is 705217 a prime number?
False
Is 46603 a prime number?
False
Is 40163 composite?
False
Is 73847 composite?
False
Is 2521 a composite number?
False
Is 1929 prime?
False
Is 186377 a prime number?
True
Is 51703 a prime number?
False
Is 1354 a prime number?
False
Is 463805 a prime number?
False
Is 204629 a prime number?
False
Is 434881 prime?
True
Is 76561 a composite number?
False
Is 1111 a composite number?
True
Is 26045 a prime number?
False
Is 1712577 a composite number?
True
Is 181191 a prime number?
False
Is 28319 a prime number?
True
Is 126097 a composite number?
False
Is 1251938 prime?
False
Is 6209 composite?
True
Is 16439 prime?
False
Is 21923 prime?
False
Is 492601 composite?
False
Is 123787 composite?
False
Is 8657 a composite number?
True
Is 22331 a prime number?
False
Is 11549 a composite number?
False
Is 10577 composite?
True
Is 562 a composite number?
True
Is 23117 composite?
False
Is 163793 prime?
False
Is 282157 prime?
True
Is 23969 prime?
False
Is 145097 composite?
True
Is 15661 a prime number?
True
Is 95911 a composite number?
False
Is 430391 prime?
False
Is 834311 a prime number?
True
Is 429497 composite?
False
Is 17539 composite?
False
Is 316405 composite?
True
Is 331757 a composite number?
True
Is 12067 prime?
False
Is 43013 composite?
False
Is 148585 a composite number?
True
Is 459749 composite?
False
Is 148361 a composite number?
False
Is 449051 a prime number?
True
Is 64547 a prime number?
False
Is 48947 a composite number?
False
Is 10057 composite?
True
Is 137689 composite?
True
Is 839 composite?
False
Is 68329 composite?
False
Is 5839 a prime number?
True
Is 85411 composite?
False
Is 2441107 composite?
False
Is 231197 a composite number?
False
Is 35879 prime?
True
Is 20039 composite?
True
Is 275573 a prime number?
True
Is 9647 composite?
True
Is 17291 a composite number?
False
Is 1008587 a prime number?
True
Is 15259 composite?
False
Is 388618 composite?
True
Is 21541 composite?
True
Is 431789 prime?
False
Is 40159 prime?
False
Is 27611 composite?
False
Is 8741 a composite number?
False
Is 60097 prime?
False
Is 36553 composite?
True
Is 35263 prime?
False
Is 106471 a prime number?
False
Is 76481 a prime number?
True
Is 275818 prime?
False
Is 10427 composite?
False
Is 8285 prime?
False
Is 83649 a composite number?
True
Is 76363 composite?
True
Is 64109 a prime number?
True
Is 2579 a composite number?
False
Is 564593 composite?
False
Is 428093 composite?
False
Is 302721 a composite number?
True
Is 7561 prime?
True
Is 16689 a composite number?
True
Is 4885 a composite number?
True
Is 21377 composite?
False
Is 250919 a composite number?
False
Is 89413 a prime number?
True
Is 149197 a prime number?
True
Is 34223 composite?
True
Is 479 composite?
False
Is 1861 a composite number?
False
Is 7621 a prime number?
True
Is 19319 composite?
False
Is 227074 composite?
True
Is 453227 composite?
False
Is 7529 a prime number?
True
Is 901 a prime number?
False
Is 52898 prime?
False
Is 171569 a prime number?
False
Is 1650367 composite?
True
Is 600757 prime?
False
Is 3251 a composite number?
False
Is 43717 a prime number?
True
Is 140759 a composite number?
False
Is 824437 composite?
False
Is 35879 a prime number?
True
Is 1285203 composite?
True
Is 54037 a prime number?
True
Is 653 composite?
False
Is 1022339 a 